6 - 39. What is the units digit of y?
7
Let k = 330 + -223. What is the tens digit of k?
0
Suppose -3*t = 4*r - 41 - 150, 3*r + t - 147 = 0. Suppose -r = -7*b + 2*b. What is the tens digit of b?
1
Let l = -31 + 59. What is the units digit of l?
8
Let b(o) = o**3 + 6*o**2 + 1. What is the units digit of b(-3)?
8
What is the tens digit of 3/4 + 707/28?
2
Let o(d) = -2*d + 9. Let v(a) = 3*a - 9. Let g(q) = 4*o(q) + 3*v(q). Let z be g(-8). Suppose 5*y = -5, -2 = -2*l + y + z. What is the units digit of l?
1
Let f(r) = -r**3 + 6*r**2 - 2*r - 7. Let p be f(5). Suppose o = p + 10. What is the units digit of o?
8
Let y = 9 + -6. Suppose -k = m + y, -m + 2*k + 5 = k. Suppose u = -0*u + m. What is the units digit of u?
1
Suppose 0 = -8*s + 6*s + 58. What is the tens digit of s?
2
What is the units digit of ((-3)/(-9)*3 + -5)*-34?
6
Let z = 7 - -38. What is the units digit of z?
5
Suppose j + 3*d + 12 = 0, -5*d + 4*d - 17 = -4*j. Suppose 0 = -q - j + 5. Suppose r - 71 = -2*r + 4*o, -2*r - q*o + 24 = 0. What is the units digit of r?
7
Let p be 4*(0 - (-9)/6). Suppose 3 = -d + p. What is the units digit of d/9 - (-40)/6?
7
Suppose -12 = 2*o + 2*o + 4*w, 3*w = -o - 9. Let b(x) be the second derivative of -x**5/20 - x**4/12 + 3*x**2 - 2*x. What is the units digit of b(o)?
6
Suppose -4 = -3*q - q. Let b(o) = -o**2 + 5*o + 4. Let d be b(5). Suppose 27 + q = d*r. What is the units digit of r?
7
Suppose -4*d + 4*s = -80, -d - 2*s + 6*s = -5. Suppose -d = 2*p - 7*p. Suppose -5 = a, p*i + 4*a + 0 = 5. What is the units digit of i?
5
Suppose -5*p = y + y - 41, -p = y - 16. Let x = y + -6. What is the units digit of (x/(-2))/((-1)/2)?
7
Suppose -4*u = 3*d - 49, -5*u = -0*d + 5*d - 90. What is the units digit of d?
3
Suppose 3*h - 3 = 2*h. Suppose -15 = -a - h*v, a = -3*v + 5*v + 10. What is the units digit of a?
2
Suppose -q - 6 + 2 = 0. Let h be -5 + (0 - 6/(-3)). What is the units digit of 426/24 - h/q?
7
Let b be (4 + -2*1)*8. Let m = b - 8. What is the units digit of m?
8
Suppose -4*a + 59 = 5*p, -3*p + p - 3*a = -25. Let g be -3*(-1 + p/3). What is the units digit of g/(-2)*2/4?
2
Let n(z) = 6*z - 23. What is the tens digit of n(11)?
4
Suppose -4*k + 6 = -2*k. Suppose -k*p - 1 = -4. What is the units digit of p?
1
Suppose 15 = -2*o - o. What is the units digit of 1/o + (-93)/(-15)?
6
Let h = 86 - 48. What is the units digit of h?
8
Let l(u) = 3*u**2 + 2*u**2 - 3 + u**3 - u - u**2 - 4*u. What is the tens digit of l(-4)?
1
What is the tens digit of (0 - (20 + 1))*-1?
2
Let o(k) = 3*k**2 - 2*k + 1. Let c be o(1). Suppose 0 = -5*j - 3*i + 21, -c*i + 8 - 32 = -3*j. Let d = j + -3. What is the units digit of d?
3
Let o be (-234)/10 - (-4)/10. Let i = -13 - o. What is the units digit of i?
0
Let w be 1 + (-1 - -2) + 8. Let g be (8/(-10))/(w/(-25)). Suppose g*b - 16 = -5*c, 2*b + 6 = -c - 3*b. What is the units digit of c?
4
Let t = -5 + 48. What is the units digit of t?
3
Let p = 4 - -23. What is the tens digit of p?
2
Let f = 7 - -51. What is the units digit of f?
8
Suppose -118 = -3*j - 13. What is the tens digit of j?
3
Suppose -4 = -u + 6. What is the tens digit of u?
1
Let w = 7 - 4. What is the units digit of 1 - 0/(w + 0)?
1
Let l be -78*1*-1*1. Suppose 0*g - 3*g = -l. What is the units digit of g?
6
Let h(y) = 2*y**3 - 5*y**2 + y + 6. What is the units digit of h(4)?
8
Let c be (2/(-5))/(2/10). Let b be (12/c)/(-2 - -3). Let s = -5 - b. What is the units digit of s?
1
Suppose 234 = 34*u - 31*u. What is the units digit of u?
8
Let y(u) = u**3 + 13 - 12*u**2 - 2*u**2 + 3*u**2 - 10*u. What is the units digit of y(12)?
7
Let g(x) = 11*x**2 - 1. Let a be g(1). What is the units digit of (-6)/(-9)*225/a?
5
Suppose 3*t = 3*p + 747, 5*t + 0*p = -3*p + 1261. What is the units digit of t?
1
Let u be ((-90)/4)/(3/(-6)). Suppose -u = 7*x - 8*x. What is the tens digit of x?
4
Suppose m = -5*x + 41, -x - 3 = -4. What is the units digit of m?
6
What is the units digit of 5 - 3 - (0 + -50)?
2
Let u be 2*(255/6)/(-5). Let c be 3/(-12) - u/4. Suppose -3 = 3*m, -k + 3 = c*m - 0. What is the units digit of k?
7
Let k(o) = -o - 6. Let y be k(-6). Let v(t) = 1 + 21 + t**2 - 7 - t + t**3 - 2*t**3. What is the units digit of v(y)?
5
Let q be (-4*1 + 3)*7. Let j = -5 - q. Suppose -j*c = c - 36. What is the tens digit of c?
1
Suppose 0 = v - 2, 5*r = -v - 3*v + 28. Let n be r*2 + (1 - 3). What is the units digit of 16/n - 2/3?
2
Suppose -2*s + 9*s = 826. What is the units digit of s?
8
Suppose -o = -4*o - 18. What is the tens digit of ((-4)/(-6))/(o/(-225))?
2
Let x(i) = 11*i**2 - 5. Let t(u) = 10*u**2 - 4. Let g(h) = -6*t(h) + 5*x(h). Let c be g(-1). What is the units digit of (1 - -62)*c/(-18)?
1
Let c(z) = z**3 + 3*z**2 + 2. Let g(d) = -d**3 + 4*d**2 - d + 1. Let n be g(4). What is the units digit of c(n)?
2
Suppose -4*w = -4*a - 24, -2*a + 18 = 8*w - 4*w. Let s = a - 2. What is the tens digit of -10*(s - (0 - 1))?
2
What is the tens digit of (-17 - -14) + (1 - -211)?
0
Suppose -68 = 4*s - 0*s. Let o = 27 + s. What is the units digit of 8/5 + 4/o?
2
Let k = -8 - -2. Let y be (-16)/k - (-2)/(-3). Suppose 3*n - 35 = -y. What is the units digit of n?
1
Suppose 0 = -d + 46 + 141. What is the hundreds digit of d?
1
Let n(l) = 5*l - 10. Let u(y) = 4*y - 9. Let j(a) = 6*a**3 - a**2 - 2*a - 1. Let o be j(-1). Let p(d) = o*u(d) + 5*n(d). What is the units digit of p(-3)?
1
Let j = 102 - -88. What is the tens digit of j?
9
Let o be 6 + 2/(-3 - -2). Suppose 0*m - o*m + 4*h - 44 = 0, -4*h - 37 = 5*m. Let v = m + 13. What is the units digit of v?
4
Let m(c) = c + c**2 + c - c - c**3 + 0*c. Let r be m(0). Suppose 3*j - 5*j + 34 = r. What is the tens digit of j?
1
Let o be (16 - 1)*(2 - 3). Let r be 1 + (2 + -5 - 7). Let f = r - o. What is the units digit of f?
6
Let c(o) be the second derivative of o**3/6 - o**2/2 + 2*o. Suppose -5*g + 24 = -g. What is the units digit of c(g)?
5
Let s(i) = -3*i**2 - 4*i + 6. Let d(k) = -4*k**2 - 5*k + 6. Let u(z) = 2*d(z) - 3*s(z). What is the units digit of u(5)?
9
Let i = 136 + -38. What is the tens digit of i?
9
Let y(o) = -o**3 + 15*o**2 + 5*o - 15. What is the tens digit of y(15)?
6
What is the hundreds digit of 4 - -159 - (0 - -1)*-1?
1
What is the tens digit of (-678)/(-4) - (-12)/8?
7
Let q = 17 - 10. Suppose m + 25 = q. Let p = m + 33. What is the units digit of p?
5
Let c = 141 + -101. Suppose 0 = 3*h + 16 - c. What is the units digit of h?
8
Let k(u) = -u**3 + 7*u**2 + u. What is the units digit of k(7)?
7
Suppose -9*r + 16 = -5*r. Let v = 0 + r. What is the units digit of v?
4
Suppose 0 = 6*w - 10 - 20. What is the units digit of w?
5
Let c = 235 + -115. What is the hundreds digit of c?
1
Suppose -5*d = 5*g - 155, 0 = 4*g - 6*g + 2*d + 62. What is the units digit of g?
1
Suppose 20 = 8*m - 4*m. What is the units digit of m?
5
Let u(a) = 34*a + 2. Let b be u(5). Suppose -86 = -6*f + b. What is the tens digit of f?
4
Let v(s) = -3*s + 29. What is the units digit of v(-8)?
3
Suppose 7*k - 4*k = 426. What is the tens digit of k?
4
Suppose -5*v + 2*v + 12 = 0. Suppose 0*z = v*l - 4*z - 136, 0 = z - 4. What is the tens digit of l?
3
Suppose -w = 2*t - 78, 4*t = 3*t - 4*w + 39. What is the units digit of t?
9
Suppose 3 = -m + 2*m. Suppose -m*w + 10 = 5*k, 5*k - 23 = -5*w - 3. Suppose w*o - 2*o = 3. What is the units digit of o?
1
Let a = -49 - -108. What is the units digit of a?
9
What is the tens digit of (1044/24)/(6/8)?
5
Suppose -27 = -p - 9. What is the units digit of p?
8
Let j(d) = -4*d + 5*d + 0 + 1 - d**3. Suppose 15 = 5*v + 4*a, 2*a = -v - 3*a + 24. What is the units digit of j(v)?
1
Let s be 8/(-2) + 2 - -4. Suppose t = s*k + 5 - 4, 8 = 3*t - k. Suppose 0 = 2*y - 15 + t. What is the units digit of y?
6
Suppose -3*k + 4*f = 0, 3*k + 0*k - f - 9 = 0. Suppose 0 = -k*c + 12 + 4. What is the units digit of c?
4
Let l(n) = n. Let z be l(9). Let g = -5 + z. What is the units digit of g?
4
Let n(g) = -2*g + 36. What is the units digit of n(0)?
6
Let x = 7 - 3. Let l = 5 - x. What is the units digit of l?
1
Let j(s) = s**2 + 10*s + 4. What is the units digit of j(-11)?
5
Let q(n) = 0*n - 4 - 5*n - n**2 + 1 + 0*n. What is the units digit of q(-2)?
3
Let w(m) = m**3 - 17*m**2 + 20*m - 5. What is the units digit of w(16)?
9
Let m = 318 + -206. What is th